). Let t(p) = -4*p**2 - 9*p + 6. Let b(k) = -k**2. Let a(r) = -5*b(r) + t(r). Determine a(y).
-12
Let r(l) = -l**2 + 4*l + 6. Suppose 4*c + 6 = 26. Suppose c*t = 12 + 13. Suppose -3*d = 4*h - 22 - 13, 0 = -t*h + 5*d. Give r(h).
1
Let r be (-204)/(-28) - (-2)/(-7). Let g(w) = -w**3 + 6*w**2 + 6*w + 9. Give g(r).
2
Let k(y) be the third derivative of 1/6*y**3 + 1/24*y**4 + y**2 + 1/60*y**5 + 0 + 0*y - 1/24*y**6. Determine k(-1).
6
Let c(v) = 2*v - 1. Let r be c(5). Let u be r/(-12)*-2*4. Let q be (-1)/(-3) + (-32)/u. Let i(k) = k**3 + 4*k**2 - 6*k - 1. Determine i(q).
4
Let c(m) = m**3 - 6*m**2 - m + 4. Let y be 2 + -3*4/(-12). Let p(d) = d**2 - 2*d + 3. Let g be p(y). Calculate c(g).
-2
Let i(k) = -k**3 + 3*k**2 - k + 2. Suppose 0 = 5*l + 10, 3*m - 4*l - 83 = -9*l. Suppose 5*d - 7 = 3*t - m, 5*d + 3 = -4*t. What is i(t)?
-1
Let x(o) = 0*o + 4*o - 5*o**2 - 2 - 4 + o**3. Let q(w) be the first derivative of -w**3/3 + 9*w**2/2 - 10*w + 1. Let h be q(7). Determine x(h).
-6
Suppose -2*k - 3*z = -15, -z - 1 - 10 = -2*k. Let o(p) = 3*p - 8. What is o(k)?
10
Let u(d) = 0*d**3 - d + 3*d**2 - 4*d + 1 + d**3. Let n(y) = y**3 - 10*y**2 + 12*y - 7. Let r be n(9). Suppose r = -q - 4*q. What is u(q)?
5
Let c(x) = -x**3 + 6*x**2 - 1. Let s(a) = -a**2 + 5*a - 6. Let b(p) = -p**2 + 6*p - 7. Let r(m) = -5*b(m) + 6*s(m). Let d(q) = c(q) + 5*r(q). Calculate d(0).
-6
Let v(m) be the third derivative of m**6/120 + m**5/10 + 5*m**4/24 - m**3/3 + 23*m**2. Suppose -4*s - s - 45 = 5*o, 0 = -2*o + 2*s + 2. Give v(o).
10
Suppose 0 = 4*s + q - 6*q - 30, 0 = 4*q - 8. Suppose -2*a - s - 5 = -3*r, r + 3*a = -6. Let u = r - 1. Let g(c) = -c**3 + 4*c**2. Calculate g(u).
8
Let h(w) = -w + 1. Let c be (8/(-6))/((-12)/(-54)). Let n be 2*(3 - 5) - c. Calculate h(n).
-1
Let g(h) = h**2 + 4*h - 6. Let c(d) = -5*d + 3. Let j be c(2). Suppose 3*s - 5 = -2*s + i, -2*i = 0. Let n = j + s. Determine g(n).
6
Let b(y) = -3 + 0 - 1 + 9*y - 10*y. Let i = 5 - 3. Let o be 4 - (-1 + 3) - i. Give b(o).
-4
Let h = 3 + -3. Suppose -7 = 4*f + 3*a, -a + 1 = 3*f - h*a. Let v(p) = 0 - p + 2 + f*p. Give v(-3).
-1
Let x = 3 - 2. Let z(o) = 6*o**2 - 14*o**2 - 2*o - 1 + 4*o. Let d(a) = -32*a**2 + 9*a - 5. Let m(i) = 2*d(i) - 9*z(i). Determine m(x).
7
Let c(a) = a**3 + 3*a**2 + 2*a + 1. Let y be (1/2)/((-4)/(-48)). Suppose -3 = -l - y. What is c(l)?
-5
Let k(f) = f - 1. Let n(y) = 3*y - 7. Let v(j) = 4*k(j) - n(j). Let p be ((2 + -2)*-1)/(-1) + -3. Determine v(p).
0
Suppose -3 - 5 = -d - 2*v, 4*v - 20 = -4*d. Let q = d - 0. Let i(u) = 199*u + 2*u**2 - 199*u - 1. Determine i(q).
7
Let b(x) be the second derivative of x**5/20 - x**4/6 - x**3/6 - x**2/2 - 6*x. Calculate b(3).
5
Let r(b) be the third derivative of -b**6/120 - b**5/15 + b**4/12 + b**3/3 + 6*b**2. Let m be (0 - 0)*(-1)/(-2). Suppose -3*t - 6 + m = 0. Calculate r(t).
-10
Suppose w + 4*w = 0. Let l(r) = 3 + 10*r + r**2 - 4*r + w*r. Suppose 4*d = -16 - 0. Calculate l(d).
-5
Let q be -5*(20/(-25))/1. Let p(b) = 7*b**3 - 5*b**2 + 2*b + 4. Let y(f) = 13*f**3 - 10*f**2 + 4*f + 8. Let h(v) = -11*p(v) + 6*y(v). Determine h(q).
-4
Let k(j) = j**3 + j**2 + 8. Let m(y) = -y**3 - y**2 - 8. Let v(p) = -6*k(p) - 7*m(p). Calculate v(0).
8
Let y(d) = -4*d + 6. Let n(c) = 15*c - 21. Let o(g) = 5*n(g) + 18*y(g). What is o(-2)?
-3
Let t(r) be the second derivative of r**4/6 - r**3/2 - r**2 - r. Suppose 4*q - 2 = -2*s, -1 = 4*s - 5*q - 18. Let f be 13/4 - s/12. Give t(f).
7
Let p(v) = 3*v**3 + 4*v**2 + 5*v**2 - 4*v**3 + 3*v + 7*v - 3. Give p(10).
-3
Let i(r) = -4*r + 16*r - 9*r + 4. Give i(-3).
-5
Let s be -4*1*(-3)/6. Suppose s*i - 35 = 2*v - 7*v, 5*v - 5 = 4*i. Let r(l) = v - l**2 + 0*l**2 + 0*l**2. What is r(0)?
5
Let x(j) = 3*j - 5. Let f(m) = -m + 3. Let b(q) = -5*f(q) - 2*x(q). Let k be 2*(-7)/(7/(-2)). What is b(k)?
-9
Let j(p) = p - 4. Let f(o) be the third derivative of o**2 + 0 - 1/24*o**4 + 0*o + 3/2*o**3. Let w be f(4). What is j(w)?
1
Let v(t) = t**2 - t + 1. Let o(q) = q**2 - 15*q + 13. Let x be o(12). Let i = -22 - x. What is v(i)?
1
Let i(a) = a**3 - 7*a**2 + 4*a - 1. Let k(v) = -2*v - 3. Let w be k(-3). Suppose -w*s = -4*s + 6. Determine i(s).
-13
Let g(z) = -z**3 - z**2 + z. Suppose 2*o = 8 + 2. Let i be o/(-10)*4/(-2). Suppose -5 = -l - 5*t, 0 = 2*t - 1 - i. Determine g(l).
0
Let t(q) = -q**3 + q - 1. Let l(j) = 7*j**3 - 6*j**2 - j. Let a(s) = -l(s) - 6*t(s). Suppose -8 = -r + 3*r, 28 = 4*m - 2*r. Calculate a(m).
6
Let t(s) be the third derivative of s**6/120 + s**5/10 - s**4/12 - 3*s**3/2 - 7*s**2. Suppose 0 = 2*l + 3 + 9. Give t(l).
3
Let g be ((-30)/8)/3*4. Let j(p) = -p**3 - 5*p**2 - 5. Let u be j(g). Let k(a) = -a + 1. Calculate k(u).
6
Let i(a) = -5 - 1 + 2 + 3 + 2*a. Let z be (3 - 0)/(6/(-8)). Give i(z).
-9
Let g(j) = 3*j + 1. Suppose -2*d - 10 = -4*d. Suppose -3 = -3*o + 2*x, 2*o - 3*x - d - 2 = 0. Give g(o).
-2
Let c(r) = -3*r**2 + 7*r + 6 + 2*r**2 + 2*r**2. Suppose 4*x + 35 - 11 = 0. Calculate c(x).
0
Let s(o) = -4*o + 1. Let m(b) = -b. Let w be m(-5). What is s(w)?
-19
Suppose d = 7*d. Let l(b) be the third derivative of d + b**3 - 1/8*b**4 + 0*b + 3*b**2. Calculate l(4).
-6
Suppose 0 = -3*f + 2 + 4. Suppose -2*k = 3*s, -s - f*k + 2 + 2 = 0. Let g = s + 1. Let a(r) = -2*r**3 - 2*r**2 + 1. Give a(g).
1
Let t = 0 + 2. Let i(z) be the second derivative of 0 + 1/6*z**3 - 2*z**t + 2*z. Give i(5).
1
Let j(r) = -r**3 - 5*r**2 - 6*r - 6. Let d be (-2 - 1*(2 + 0))/1. Calculate j(d).
2
Let d be ((-24)/(-36))/((-1)/(-9)). Let i(t) = -t**3 + 5*t**2 + 5*t + 4. Calculate i(d).
-2
Let o(d) = -4*d + 1. Let y(c) = 11*c - 3. Let l(z) = -7*o(z) - 2*y(z). Give l(-1).
-7
Let d(c) = -6*c + 9 - 12*c + 10*c**2 + 3*c**3 + 2*c. Let y(p) = -p**3 - 3*p**2 + 5*p - 3. Let h(u) = 2*d(u) + 7*y(u). What is h(-3)?
6
Let q(y) = y**2 + y - 3. Let u(b) = b**2 - 4. Let z(x) = -3*q(x) + 2*u(x). Determine z(-2).
3
Suppose -4*w = 5*q + 9, -3*w = -3*q - 0*w - 27. Let b(j) = -j**3 - 5*j**2 + j. Determine b(q).
-5
Let v(w) = 2*w + 1. Let m(j) = 9*j + 8. Let z(x) = m(x) - 5*v(x). Let s be -2 - (5 + 1/(-1)). Determine z(s).
9
Let r(g) be the third derivative of -g**4/24 - g**3/6 + 16*g**2 + g. What is r(7)?
-8
Let a(k) = -k**2 - 8*k - 3. Let p be a(-7). Let j = 6 - p. Let h(r) = -2 - 2*r**2 + 2 - r - 9*r**3 + r**j. Determine h(-1).
9
Suppose 0 = 2*b - 9 + 5. Let g(n) = -2*n + 0*n - 1 + 3 - n**2. Determine g(b).
-6
Let f = -3 - -3. Let a(v) = f*v + 0 - v + 8. Give a(6).
2
Let i(l) = -6*l - 1 + 7*l - 5. Suppose 4*n + 3 = j + 2*j, 0 = -4*n - 3*j + 27. Determine i(n).
-3
Let s(v) be the first derivative of -v**3/6 - 9*v**2/2 + 5*v - 5. Let y(x) be the first derivative of s(x). Determine y(-6).
-3
Let g(t) = -t - 5 + 1 - 4. Let k = -21 - -15. What is g(k)?
-2
Let d(i) = -i**2 + 6*i - 2. Let o be d(5). Let g(z) be the third derivative of -z**6/120 + z**5/12 - z**4/8 - z**3/6 - 19*z**2. Calculate g(o).
8
Suppose -4*n + 9*n - 10 = 0. Let i(o) = -4 + 8*o**2 - o**n + 2*o**2. Let f(c) = -27*c**2 + 11. Let d(s) = -3*f(s) - 8*i(s). Give d(-1).
8
Let a(n) be the second derivative of n**5/120 - n**4/12 + n**3/3 + 2*n. Let j(l) be the second derivative of a(l). What is j(5)?
3
Let r(u) = 4*u**2 + u. Let j be r(2). Let m be ((-24)/j)/((-1)/6). Let q(k) = -m + 4*k - k**2 + 0*k**2 + 5. Calculate q(4).
-3
Suppose 4 + 6 = 5*b. Suppose 0 = b*m - 5*a - 7, 3*m + a = 6*m - 4. Let l(v) = -m + 0*v + 5*v + 0. What is l(-1)?
-6
Let q(l) be the second derivative of -1/2*l**2 - 2*l + 7/12*l**4 + 0 - 1/6*l**3. Give q(-1).
7
Let g = 10 + 0. Let r = g + -7. Let s(t) = -3*t**3 - t + 3*t + 2*t**r. Calculate s(2).
-4
Let z(c) = 2 + 2*c + 5*c + c**2 - 6*c - 4. Calculate z(0).
-2
Let c(m) = 0 - 9*m + 0*m**2 - 2 - m**2. Let l be 5 - 9/2 - (-13)/(-2). What is c(l)?
16
Suppose 20 = 6*p - 2*p. Suppose 0*k = -p*k - 10. Let w(s) = 3*s + 0*s + 0*s - s. What is w(k)?
-4
Let z = -1 - -1. Suppose j + 0 - 5 = z. Let f(c) be the first derivative of -c**3/3 + 7*c**2/2 - 4*c + 19. Calculate f(j).
6
Let f(n) = n**2 + 4*n + 5. Let o be f(-4). Let j(a) = 2*a - 3*a + 2*a + 238 - 240. Calculate j(o).
3
Let r(a) be the first derivative of -a**6/360 - a**5/120 - a**3 + 1. Let g(w) be the third derivative of r(w). Determine g(0).
0
Let t(y) = -y**2 + 2*y + 3. Let b = 29 + -17. Let k = 15 - b. Give t(k).
0
Let b(w) = w + 5. Let z(s) = -3*s 